 remainder when 93382 is divided by 189.
16
What is the remainder when 10193922 is divided by 103?
12
What is the remainder when 114243 is divided by 10725?
6993
Calculate the remainder when 2273419 is divided by 109.
6
Calculate the remainder when 7716520 is divided by 65393.
146
What is the remainder when 1369072 is divided by 228168?
64
What is the remainder when 9480894 is divided by 5164?
4954
What is the remainder when 3337586 is divided by 19?
8
Calculate the remainder when 5685328 is divided by 1136985.
403
What is the remainder when 63787145 is divided by 155?
150
Calculate the remainder when 132240441 is divided by 160.
121
Calculate the remainder when 158531037 is divided by 120.
117
Calculate the remainder when 256462474 is divided by 34.
32
What is the remainder when 5597399 is divided by 114?
113
Calculate the remainder when 16443897 is divided by 1680.
57
What is the remainder when 3599704 is divided by 85707?
10
Calculate the remainder when 9422835 is divided by 59.
4
What is the remainder when 18694893 is divided by 738?
615
What is the remainder when 41567619 is divided by 165?
159
What is the remainder when 9361978 is divided by 4680980?
18
What is the remainder when 2822883 is divided by 13570?
323
What is the remainder when 62879600 is divided by 20959862?
14
What is the remainder when 9463452 is divided by 12?
0
What is the remainder when 1808922 is divided by 44120?
2
Calculate the remainder when 286730 is divided by 70741.
3766
Calculate the remainder when 81014302 is divided by 70.
12
What is the remainder when 6121518 is divided by 149?
2
Calculate the remainder when 1781624 is divided by 9137.
9046
What is the remainder when 3357096 is divided by 118?
114
Calculate the remainder when 952433 is divided by 108.
89
Calculate the remainder when 89961 is divided by 151.
116
Calculate the remainder when 42184 is divided by 40838.
1346
Calculate the remainder when 10092144 is divided by 238.
230
Calculate the remainder when 37967 is divided by 1634.
385
What is the remainder when 245326 is divided by 15317?
254
Calculate the remainder when 79948 is divided by 58.
24
Calculate the remainder when 69861614 is divided by 1164360.
14
Calculate the remainder when 69238 is divided by 2718.
1288
What is the remainder when 14099783 is divided by 84938?
75
What is the remainder when 30218200 is divided by 5828?
20
What is the remainder when 41173473 is divided by 21158?
5
What is the remainder when 1725729 is divided by 166?
159
Calculate the remainder when 881338 is divided by 700.
38
What is the remainder when 123438665 is divided by 17?
16
What is the remainder when 6707524 is divided by 13496?
12
Calculate the remainder when 1371623 is divided by 1075.
998
What is the remainder when 30850 is divided by 15156?
538
Calculate the remainder when 408052606 is divided by 35.
31
What is the remainder when 1529795 is divided by 212?
3
What is the remainder when 17013679 is divided by 6597?
16
What is the remainder when 705262 is divided by 716?
2
Calculate the remainder when 1013519 is divided by 16891.
59
Calculate the remainder when 338261 is divided by 2563.
2508
What is the remainder when 137383997 is divided by 104?
101
What is the remainder when 1564831 is divided by 1759?
1080
Calculate the remainder when 13214350 is divided by 10405.
0
What is the remainder when 220059 is divided by 1804?
1775
Calculate the remainder when 11871 is divided by 340.
311
What is the remainder when 65427 is divided by 1772?
1635
What is the remainder when 52705 is divided by 70?
65
What is the remainder when 325765076 is divided by 31?
26
What is the remainder when 3619451 is divided by 17?
15
What is the remainder when 85736984 is divided by 14?
4
Calculate the remainder when 11952 is divided by 306.
18
What is the remainder when 17994887 is divided by 18?
17
Calculate the remainder when 1354844 is divided by 213.
164
Calculate the remainder when 234600 is divided by 1397.
1301
What is the remainder when 13885 is divided by 13813?
72
What is the remainder when 22374598 is divided by 443?
440
What is the remainder when 7591358 is divided by 452?
18
What is the remainder when 447274 is divided by 87?
7
What is the remainder when 68843589 is divided by 7849?
10
What is the remainder when 306325 is divided by 1540?
1405
Calculate the remainder when 2692104 is divided by 1718.
1716
What is the remainder when 679142 is divided by 48508?
30
What is the remainder when 528739 is divided by 44059?
31
Calculate the remainder when 21321 is divided by 10388.
545
Calculate the remainder when 17073395 is divided by 10861.
10764
Calculate the remainder when 241012 is divided by 1915.
1637
What is the remainder when 120827 is divided by 8626?
63
Calculate the remainder when 86912 is divided by 11.
1
Calculate the remainder when 4200433 is divided by 983.
74
What is the remainder when 2343886 is divided by 1722?
244
What is the remainder when 114128066 is divided by 35?
31
What is the remainder when 47858117 is divided by 5694?
47
What is the remainder when 5722264 is divided by 1122?
64
What is the remainder when 11797954 is divided by 1072535?
69
What is the remainder when 547092 is divided by 68376?
84
Calculate the remainder when 4121 is divided by 3954.
167
Calculate the remainder when 11298497 is divided by 2774.
2769
Calculate the remainder when 47823 is divided by 532.
475
Calculate the remainder when 170602213 is divided by 5503297.
6
What is the remainder when 1191407 is divided by 719?
24
Calculate the remainder when 11124827 is divided by 14.
7
What is the remainder when 429561288 is divided by 25?
13
What is the remainder when 17598 is divided by 2407?
749
Calculate the remainder when 73421883 is divided by 24473953.
24
Calculate the remainder when 13057824 is divided by 14.
10
Calculate the remainder when 3674951 is divided by 2074.
1897
Calculate the remainder when 3297149 is divided by 7.
2
Calculate the remainder when 196110 is divided by 98.
12
Calculate the remainder when 15161 is divided by 2509.
107
What is the remainder when 4962887 is divided by 2796?
2783
What is the remainder when 1138355 is divided by 126457?
242
What is the remainder when 10867145 is divided by 114?
95
What is the remainder when 454601 is divided by 50508?
29
What is the remainder when 617206 is divided by 2?
0
Calculate the remainder when 93147 is divided by 12.
3
What is the remainder when 2868948 is divided by 4?
0
Calculate the remainder when 16719663 is divided by 170.
163
What is the remainder when 72173447 is divided by 184?
183
Calculate the remainder when 704897 is divided by 1503.
1493
What is the remainder when 117768 is divided by 9796?
216
What is the remainder when 1782975 is divided by 1782873?
102
Calculate the remainder when 810149 is divided by 57850.
249
What is the remainder when 303811494 is divided by 466?
464
Calculate the remainder when 18142 is divided by 8676.
790
Calculate the remainder when 27091536 is divided by 13545763.
10
Calculate the remainder when 974751 is divided by 243674.
55
What is the remainder when 217669 is divided by 8704?
69
Calculate the remainder when 3700163 is divided by 924996.
179
What is the remainder when 42889 is divided by 132?
121
Calculate the remainder when 7466983 is divided by 1453.
16
Calculate the remainder when 19481 is divided by 87.
80
Calculate the remainder when 1224647038 is divided by 7520.
7518
What is the remainder when 99744696 is divided by 2035606?
2
Calculate the remainder when 1756609 is divided by 16.
1
What is the remainder when 68927429 is divided by 5480?
5469
Calculate the remainder when 17071 is divided by 1923.
1687
Calculate the remainder when 23122338 is divided by 1383.
1344
What is the remainder when 20462 is divided by 18653?
1809
What is the remainder when 605781 is divided by 11873?
258
Calculate the remainder when 36501750 is divided by 8.
6
What is the remainder when 1423282 is divided by 1416?
202
What is the remainder when 173909 is divided by 54715?
9764
What is the remainder when 33353534 is divided by 22?
16
What is the remainder when 22225 is divided by 1467?
220
What is the remainder when 1732791 is divided by 6639?
12
Calculate the remainder when 5988 is divided by 4873.
